= -4912. What is the hundreds digit of g?
2
What is the thousands digit of (1041*-1*5)/(201/(-335))?
8
What is the units digit of 414*(18/(-12 - -3) - -5)?
2
Let c(w) = 125*w + 23. Let s be c(4). Let f = 893 - s. What is the hundreds digit of f?
3
Let x(g) = 1302*g**2 + 18*g + 7. What is the ten thousands digit of x(-3)?
1
Suppose 0 = -5*a + 3*o + 83235, 16647 = -4*a + 5*a + 4*o. What is the thousands digit of a?
6
Let o = 601 + 190. Let r = o + 532. What is the thousands digit of r?
1
Suppose -2*i + 19 = -3*x, 4*x + 1 + 36 = 5*i. What is the units digit of i - 8 - (3 + -501)?
5
Let g = 53965 - 18281. What is the ten thousands digit of g?
3
What is the units digit of ((-1164)/108 - -11)*16083?
4
Let f(d) = d**3 + 5*d**2 + 32*d - 214. What is the thousands digit of f(13)?
3
Suppose 15*d = -d - 5552. Let u = d + 731. What is the tens digit of u?
8
Suppose 5*z - 12 = 2*z. Let t(h) = 2*h**2 - 6*h + 1. Let q be t(z). Suppose q*u + 270 - 882 = 0. What is the units digit of u?
8
Let h be ((-4)/(-12) - 3 - -2)*-36. What is the tens digit of ((-9)/((-270)/h))/(4/2130)?
2
Let q be 2203 + (-7 + 6)/1. Let u = q - 1531. What is the hundreds digit of u?
6
Let d = 11910 + -4897. What is the units digit of d?
3
Suppose 9*n - 282 = -246. Suppose -2*d + 2 = 0, -2*d + 1907 = n*j - 659. What is the hundreds digit of j?
6
Let p(g) = -2*g. Let x(h) = 222*h - 70. Let d(s) = 12*p(s) + x(s). What is the tens digit of d(2)?
2
What is the hundreds digit of 1/(12010840/(-1334540) - -9)?
7
Let i(r) = 2*r - 31. Let x be i(5). Let z = x - -23. Suppose z*k + k = 210. What is the units digit of k?
0
Let c = 21102 - -2270. What is the hundreds digit of c?
3
Let c(k) = 1845*k**2 - 12*k + 21. What is the ten thousands digit of c(3)?
1
Let j(z) = -4*z**3 - 56*z**2 + 38*z - 200. What is the thousands digit of j(-25)?
6
Let q = 60 - 57. Suppose o = 4*b + 306, 310 = o - q*b + b. Suppose 2*t - 5*j = 3*t - 175, o = 2*t + j. What is the hundreds digit of t?
1
Let p(i) = -i**2 - 4*i + 64. Let q be p(6). Suppose -4*y + 2*d + 132 = 0, -2*y + 12 + 54 = q*d. What is the units digit of y?
3
Suppose 8*b = 4*b - 5*p + 3268, -3*p = 0. Suppose 5*k - b = 4168. What is the units digit of k?
7
Let u = 181 - 181. Suppose -11*l + 19*l - 864 = u. What is the tens digit of l?
0
Suppose 2*k - 37113 = -38*p + 41*p, -55667 = -3*k + 2*p. What is the ten thousands digit of k?
1
Suppose 2*i = 2*b - 2, 2*b = i + 4*b + 7. Let n be ((-2)/(-6))/(i/(-27)). Suppose -20 = -j + 2*l + 3*l, -n*l = -3. What is the tens digit of j?
2
Suppose 0 = -3*f + 3*j + 381, -2*f - 5*j = -5*f + 377. Suppose 0 = -4*o - 0*o - 12, 4*t = 3*o + f. Let a = t - -43. What is the units digit of a?
3
Suppose -d + 3*d - 5893 = -3*j, -2 = -2*j. What is the tens digit of d?
4
What is the thousands digit of 2378 - 17/((-17)/(-11))?
2
Let n = 386 - 362. Suppose -21*b + n*b - 993 = 0. What is the tens digit of b?
3
Let x(c) = -c**3 + 77*c**2 - 87*c - 45. What is the ten thousands digit of x(34)?
4
Let c(m) = -7*m + 3. Let t be c(1). What is the tens digit of -3 - (-54)/t*22/(-3)?
9
What is the ten thousands digit of 7 - (-2 + 12/5 + 6991758/(-270))?
2
Let z = -31 + 19. Let x be z + 543 + 0 + 1. Suppose 4*n + 25 = 2*o - 199, 5*o = -4*n + x. What is the tens digit of o?
0
Suppose 43*b - 136 = 47*b. What is the tens digit of (b + -51)/(2 + (-30)/14)?
9
Let i(d) = -3*d**3 - 11*d**2 + 7*d - 55. What is the tens digit of i(-12)?
6
Let o = -43867 - -66844. What is the hundreds digit of o?
9
Let m(h) be the first derivative of -h**4/4 + 2*h**3/3 + 241*h + 136. What is the tens digit of m(0)?
4
Let k = 2005 + -4858. What is the units digit of (6/(-9))/(2/k)?
1
Let z = -1327 - -9294. What is the tens digit of z?
6
Let b = -133 + 264. Let c = -183 + b. Let g = 108 - c. What is the units digit of g?
0
Suppose -12 = -19*v + 15*v. Let o(m) = 211*m - 154. What is the hundreds digit of o(v)?
4
Let g(u) = 128*u - 554. What is the hundreds digit of g(44)?
0
Let t be ((-80)/6)/((-7)/21). Let w = t + -32. Suppose w = -4*p + 184. What is the units digit of p?
4
Let n be ((-495)/66*(-4)/3)/2. Suppose -742 = n*w - 4*o - 5664, o + 985 = w. What is the hundreds digit of w?
9
Let w(s) = 2117*s - 28. Let v be w(12). Suppose -28*u = 4*u - v. What is the tens digit of u?
9
Let g(t) be the first derivative of 53*t**3/3 - 3*t**2/2 + 14*t - 242. What is the hundreds digit of g(3)?
4
Let f = -78285 + 120595. What is the units digit of f?
0
Let u(b) = -3767*b**2 - 12. Let o be u(-3). What is the hundreds digit of o/(-147) + (-4)/(-14)?
2
Suppose 8*a - 4*a = -2*b + 12, 0 = 3*a + 2*b - 9. Suppose -5*x = -4*q - 2, 0*x + 3*q + 3 = a*x. What is the units digit of x/((-4)/106)*5/5?
3
Suppose 3*l = -15, -3*c - 5*l + 19 = c. Suppose c*b = 3*b + 3240. What is the units digit of b?
5
Let d(a) = -a**3 + 9*a**2 - 6*a - 5. Let o be d(8). Let h be (-34)/51 - o/(-3). Suppose 5*m = 2*g - 11, 3*g - h*m + 7*m - 5 = 0. What is the units digit of g?
3
Let v = 18949 + -11387. What is the units digit of v?
2
Let n(z) = 2*z - 181. Let f be n(32). Let u = 1017 + f. What is the hundreds digit of u?
9
Let s = -35 + 41. Suppose 5*n = s*n - 1. Suppose -n = h - 23. What is the tens digit of h?
2
Let w(c) = 2*c**2 - c + 1. Let b(x) = 20*x**2 - 17*x - 47. Let d(h) = b(h) - 6*w(h). What is the hundreds digit of d(-5)?
2
Suppose 2*l = -47 + 39. Let o be l + 21 - (-2 + 6). Suppose -o + 179 = 2*s. What is the tens digit of s?
8
Suppose -5*j - f = 0, -17*j + f = -13*j. Suppose j = -49*m + 5*m + 9768. What is the tens digit of m?
2
Suppose 31*i - i = 90. Suppose 5*l = -i*u + 1312, -3*l + 791 = -0*l - 2*u. What is the hundreds digit of l?
2
Suppose -35*b + 48 = -29*b. Suppose 350 = -a - 5*d, 3*d = 4*a + b*d + 1430. What is the units digit of -21*(a/28)/3?
0
Suppose 0*o + 25 = 5*c - 5*o, -15 = -5*o. Suppose -c*a + 4*a = -336. Let p = -63 + a. What is the tens digit of p?
2
Suppose v + 0*v = -4*v. Suppose v = -4*x + 366 + 3198. What is the units digit of x?
1
Suppose 0 = 3*a - 3*a - 3*p, -5*a - 4*p + 49460 = 0. What is the hundreds digit of a?
8
Suppose -4 + 24 = 10*t. Let x be t + 1 + 2 + 25 + 0. Suppose 2*j + x = g, -4*g - 4*j + 65 = -j. What is the tens digit of g?
2
Suppose -a - 1 = 3*p - 5, -20 = 4*a. Suppose 4*y - p*u - 2041 = 0, 0*y = y + 4*u - 515. What is the hundreds digit of y?
5
Let z = -2980 - -4650. Suppose 0 = 4*h - z - 1094. What is the units digit of h?
1
Let w be (-5)/(-3) + (-2)/(-6). Let o be ((-33)/66)/(2/(-12)). Suppose 0 = w*c + 5*i - 172, 4*c - i = -o*i + 328. What is the units digit of c?
1
Let f(k) = -24*k**2 - 12*k + 30. Let l be f(6). Let m = 1518 + l. What is the units digit of m?
2
Let q(x) = x**3 - 69*x**2 + 105*x + 43. What is the thousands digit of q(70)?
2
Suppose -5*l + 2*y = -8218 - 3733, 0 = -l + 4*y + 2383. Suppose 4*b = x + l, -2985 = -5*b - 0*b + 2*x. What is the tens digit of b?
9
Suppose 77 = 4*g - p + 17, 30 = 2*g - 5*p. Suppose -g = -7*i + 10*i. Let y = i + 31. What is the units digit of y?
6
Suppose -4*d + 1626 = -5*t - 1691, 5*d - 4090 = -5*t. Suppose -27*f = -1769 - d. What is the tens digit of f?
9
What is the thousands digit of (-3 - (-14)/4*1)*7914?
3
Let o = 43 - 41. Suppose -2*y = o*h - 998, -3*y + 4*y - 4*h - 479 = 0. Let i = y + -338. What is the hundreds digit of i?
1
Let x(b) = -7*b**2 + 94*b - 156. Let c(o) = -5*o**2 + 94*o - 155. Let d(a) = 3*c(a) - 2*x(a). What is the thousands digit of d(38)?
1
Let z = 49 - 40. Let m(v) = v + z + v + 6 + 3*v. What is the tens digit of m(6)?
4
Let j(f) = f**2 + 16 - 15 + 13 + 12*f. Let s be j(-11). Suppose 2*o - s*o + 44 = w, -5*o + 5*w + 250 = 0. What is the units digit of o?
7
Suppose -303 = -6*q - 153. Suppose -48*i + q*i = -18791. What is the units digit of i?
7
Let n(u) = u**2 + 23*u - 4. Let b be n(-23). What is the tens digit of 42/b*9/((-135)/410)?
8
Let f(v) = -14*v - 14. Let l be (-10)/(-20)*(0 + -4) - 2. What is the units digit of f(l)?
2
Let p(x) be the second derivative of -x**4/4 - 4*x**3/3 + x**2 - 23*x. Let k be p(6). What is the units digit of 3 - (4 + 1 + k)?
2
What is the hundreds digit of (-6*(-3)/6 - (-55)/(-15))*-18417?
2
Let n(j) = -51*j + 136. Let q be n(-7). Let h = q + -321. What is the tens digit of h?
7
What is the units digit of 15 - (-19657 - (21 - 12))?
1
What is the units digit of 106/(-212) 